 3*y, -18 = -2*r - 4*y. Calculate the highest common factor of r and 21273.
21
Suppose 20 = -5*s, -3*h + 80*s + 6579 = 83*s. Calculate the highest common factor of h and 26.
13
Let m = 365 - 336. Suppose 1249 = m*o - 114. Calculate the greatest common factor of 705 and o.
47
Let t = 5148 - 5066. Let y = -492 - -842. Let b = y - 227. Calculate the greatest common factor of b and t.
41
Let f = 177 + 523. Suppose 14*l = 19*l - f. What is the greatest common divisor of 40 and l?
20
Suppose 69696 = 394*o - 196*o. Suppose -789 = -3*z + l - 2*l, 273 = z - 3*l. What is the highest common divisor of o and z?
88
Suppose -3*b + 162 = -54. Let m(f) = -f**2 + 2*f - 115. Let u be m(-10). Let j = u - -271. Calculate the highest common divisor of j and b.
36
Let o be 1 - 0 - (-5)/10*2. Suppose 4*r + d - 130 = 0, -r - 30 = -o*r + d. Suppose 3*i - r = -11. What is the highest common divisor of 28 and i?
7
Let d(g) = -2 - 1 + 1 - g**2 + g - 8*g. Let m be d(-5). Let j be 7 - (-2 + -4 - 7). Calculate the highest common divisor of j and m.
4
Let i be ((-4)/10)/((-14)/8540). Suppose -i*w = -243*w - 28. What is the greatest common divisor of w and 434?
14
Suppose -a + 5 = 54*x - 52*x, -4*a = 3*x. Let t(z) = 2*z. Let f be t(5). What is the greatest common factor of x and f?
2
Let k be 62/(-217) - (-7858)/14. Calculate the greatest common factor of k and 66.
33
Suppose -4*k - 4*n + 288 = 0, 4*k + 3*n - 196 = 92. Let u be (k/5)/(-6)*45/(-4). What is the highest common divisor of u and 117?
9
Let v(q) = q**3 + 27*q**2 - 15*q + 39. Let j be v(-27). What is the highest common factor of 999 and j?
111
Let o = -21237 + 21240. What is the highest common factor of 169 and o?
1
Let h be 10/(-19 - 1)*156/(-2). Calculate the greatest common factor of 351 and h.
39
Let z = 36 - -12. Let c = 125 + -122. Suppose -4*i + 138 - 8 = u, -c*u = -4*i + 122. Calculate the highest common divisor of i and z.
16
Let k = 116 + -64. Let i = k + -49. Suppose r + z = 14, -4*z + 46 = i*r + 2. What is the greatest common factor of 12 and r?
12
Let u(i) = i**3 - 6*i**2 + 2*i + 21. Let f be u(7). Calculate the greatest common divisor of f and 8652.
84
Let b = -1779 + 1918. Calculate the greatest common factor of 4726 and b.
139
Let d = -1051 + 2361. What is the highest common factor of d and 10?
10
Let b = -1993 + 2030. Suppose 3*o - 1184 = -o. What is the highest common divisor of b and o?
37
Suppose -t - 3 = -d - 8, d + 4*t = 15. Let f be 2*166/(-4) + 1 - d. Let l = -79 - f. Calculate the greatest common divisor of l and 2.
2
Let v be -55 - -480 - (37/7 + (-4)/14). Calculate the greatest common factor of 48 and v.
12
Let q be (22*(-27)/(-2673))/(1/477). What is the highest common divisor of 2 and q?
2
Suppose -2788 = -5402*o + 5368*o. Suppose 2*j - j - 123 = 0. What is the highest common factor of j and o?
41
Let d(b) = -14*b**2 + b - 35. Let a(y) = -17*y**2 + 2*y - 36. Let x(r) = 5*a(r) - 6*d(r). Let j be x(0). Calculate the greatest common divisor of 84 and j.
6
Let j(z) = -3*z - 5. Let q be j(-9). Let f = -553 + 652. Calculate the greatest common factor of f and q.
11
Suppose -14*w + 28 = -504. Let j be w - (-12 - -12)*(-2)/8. Suppose -r = -4*c + 73, 3*c - 8 = -r + j. What is the greatest common divisor of c and 153?
17
Let u = -201 + 225. Let z = 4 + -11. Let p be (-3 - z/3)*-108. What is the highest common factor of u and p?
24
Suppose -9 = -3*w - m - 3, 5*w = -3*m + 10. Suppose 0*n - 25 = -5*n. What is the greatest common factor of w and n?
1
Suppose 0 = 2*j, -5 = 3*b - 4*j - 17. Suppose 5*y - 138 = -b*g - 0*g, 0 = 5*g + 15. Calculate the greatest common factor of y and 50.
10
Suppose -5*g + 425*w - 427*w + 4615 = 0, -w = -3*g + 2780. What is the highest common factor of 275 and g?
25
Let b = -117 - -142. Suppose 0 = -40*u + 45*u - b. Calculate the highest common factor of 5 and u.
5
Let k = -22323 - -22325. What is the highest common factor of k and 1598?
2
Let h(b) = b**2 - 8*b + 41. Let u be h(6). Suppose -811 = -4*x + 1161. What is the greatest common divisor of u and x?
29
Let j = 106 - 62. Suppose 2576 = -45*k + 8516. Calculate the greatest common factor of k and j.
44
Suppose 75*u + 36 = 71*u. Let k be 1/(-3) - 5475/u*1. Calculate the highest common factor of 19 and k.
19
Let a be (124/(-3) - -2)*3. Let d = 393 + a. Suppose -4*k + 365 = -d. Calculate the highest common divisor of k and 20.
20
Suppose 0 = 5*h - 3*y - 434, -29*h + 34*h + 2*y = 394. What is the greatest common factor of h and 19926?
82
Let k = -361 - -361. Suppose k = 18*s + 1982 - 13610. Calculate the highest common divisor of s and 34.
34
Suppose -3*l + 4*u = -11728, 249*u = 250*u + 7. What is the highest common divisor of l and 104?
52
Suppose -369 = 6*i + 471. Let v be (-18)/1*i/105. What is the highest common factor of 60 and v?
12
Suppose -353070 = -59*z + 477060. What is the highest common divisor of 168 and z?
42
Let b be (-33907)/(-943) - 4/(-92). What is the greatest common divisor of 21636 and b?
36
Let y(f) = f + 75. Let g(i) = 2*i + 74. Let z(r) = 4*g(r) - 3*y(r). Let n be z(-13). Suppose 5*x - 2*x = 9. Calculate the greatest common divisor of n and x.
3
Let h(g) = 9*g**3 + g**2 + 2*g + 7. Let w be h(0). Suppose 4*s - 8 = v - w, 4*v = -2*s + 50. What is the highest common divisor of 88 and v?
11
Let i(p) = 6 - 5*p + 28 - 8*p - 28 + 72. Let w be i(5). What is the highest common factor of w and 3?
1
Let x(w) = 4*w + 53. Let m be x(-12). Suppose c + c - 74 = -4*p, 33 = 2*p + m*c. What is the highest common factor of 19 and p?
19
Suppose 0 = -4*u - 3*k + 24822, 4*u - k = 9884 + 14946. Suppose y - 3105 = -2*l - 0*l, y = -4*l + u. What is the highest common factor of 33 and l?
33
Let j(m) = -m**2 + 5*m - 2. Let a be j(3). Let k be (-20)/50 - (-1119)/(-15). Let t = k + 83. What is the greatest common factor of t and a?
4
Let r(j) = 3316*j**2 + 61*j + 7. Let w be r(1). Calculate the highest common divisor of w and 216.
72
Suppose 0 = -3*m - 791 + 101. Let x = m - -235. What is the highest common divisor of x and 300?
5
Suppose 64*k - 2135918 - 430162 = 0. What is the highest common factor of 45 and k?
45
Let p(d) = d**3 - 7*d**2 + 11*d + 6. Let x be p(5). Let a = -2429 + 2946. What is the greatest common factor of a and x?
11
Let c(v) = 33*v + 6. Let y be c(-3). Let a = 129 + y. Calculate the greatest common factor of a and 48.
12
Suppose s - 82 - 36 = 0. Suppose 0 = 3*g, -5*n + 6*g = 3*g. Suppose n = -p + i + s, p + 3*i = 8*i + 122. Calculate the greatest common factor of 13 and p.
13
Let g(o) = -o - 22. Let q be g(-11). Let a = 132 - q. Calculate the greatest common factor of 22 and a.
11
Let x(s) = -42*s**2 - 764*s + 58. Let h be x(-18). What is the greatest common factor of 202 and h?
202
Let c(g) = g**3 - 13*g**2 - 14*g + 24. Let k be c(14). Suppose 5*x - 721 = 3*l, 3*l + 125 = x - k. What is the greatest common factor of x and 13?
13
Let h be (-3)/6 - 228/(-8). Suppose -171 + 58 = -d. Let s = d + -109. What is the greatest common factor of s and h?
4
Suppose 7*z + 137 = -10. Let f be (24/z)/4 + 48/21. Calculate the greatest common divisor of f and 42.
2
Let u be -2*(1933/(-6) + 1/(-3)). Calculate the greatest common divisor of u and 360.
15
Suppose -17 = c - f, -5*f + 9 = 2*c + 78. Let v = c - -77. Calculate the greatest common divisor of 25 and v.
5
Let h(i) = 29 - 29 + 17*i - 23. Let a(s) = 8*s - 11. Let d(b) = 14*a(b) - 6*h(b). Let f be d(8). What is the greatest common factor of 8 and f?
8
Suppose -4*h + 45 = -75. Suppose -244*o + 248*o = 80. What is the greatest common factor of h and o?
10
Let g be 378 - ((-4)/(-6) - 817/(-129)). What is the greatest common factor of 7 and g?
7
Suppose 31*c + 48 = x + 34*c, -3*x = c - 96. What is the greatest common divisor of 1320 and x?
30
Suppose -q + 88 - 84 = 0. Suppose 5*o + 44 = 6*o - q*d, d - 44 = -o. Calculate the highest common factor of o and 33.
11
Suppose -38 = -u + w + 9, -4*w = 5*u - 226. Let f = -1190 + 1972. What is the highest common factor of u and f?
46
Let h = 36 - 26. Let a = 23 - h. Let w(v) = v + 5. Let f be w(a). Calculate the highest common divisor of f and 9.
9
Suppose 1721 = -3*i + 2*r, 2*i + 381 = 2*r - 763. Let c = -542 - i. What is the greatest common factor of 84 and c?
7
Suppose 35*b = -6077 + 57. Let y = b + 181. Calculate the highest